t are the prime factors of f?
13, 109
List the prime factors of (-2)/37 + 102640/37.
2, 19, 73
Let t be -3 + 3 - 294/(-3). Suppose 28 = -7*w + t. Suppose 8*s + 58 = w*s. List the prime factors of s.
29
Suppose -3*d - 129088 = -5*f, -26454 = -f - 5*d - 614. What are the prime factors of f?
2, 5, 1291
Let r(v) = v**3 + 5*v**2 - 63*v + 119. List the prime factors of r(25).
2, 8647
Suppose 2871 = u + 4*c, -u - 5764 = -3*u + 3*c. Let j = u - 1662. What are the prime factors of j?
1217
Suppose -3*z - 37 = s - 5*s, -3*s - z = -18. Let w(v) = -2*v**2 + 78 + v**2 + 3*v**2 - 9*v - 76. List the prime factors of w(s).
37
Suppose 45*m + 635599 = -43180 + 3214169. List the prime factors of m.
2, 11, 13, 197
Let j(m) = m**3 + 44*m**2 - 57*m - 57. Let c be (-6)/12*((-440)/(-5) - -2). What are the prime factors of j(c)?
3, 7, 23
Let v(s) = -8*s**2 - 886*s + 117. What are the prime factors of v(-36)?
3, 5, 13, 37
Let f(g) be the first derivative of g**3 - 41*g**2/2 + 28*g + 84. List the prime factors of f(17).
2, 3, 11
What are the prime factors of (-25*8/(-20) - 12) + 1013*33?
33427
Suppose 0 = -61*c + 60*c + 2. What are the prime factors of (c - 3)/8 - 1074/(-16)?
67
Let y(m) = -3*m**2 + 4*m - 1. Let z be y(2). What are the prime factors of ((-155)/(-4))/(z - 126/(-24))?
5, 31
Let u be (44/(-77))/((-6)/105). List the prime factors of 668/1 + u*(-6)/(-60).
3, 223
Suppose -255*b = -217*b - 690844 - 451436. List the prime factors of b.
2, 3, 5, 167
Let n = 72 + -83. What are the prime factors of (-94738)/(-154) + 2/n?
3, 5, 41
Let t(b) = -22*b - 145. Let g(s) = -108*s - 727. Let l(z) = 2*g(z) - 11*t(z). List the prime factors of l(17).
11, 53
Let v(j) = 15*j**2 + 151*j + 1482. List the prime factors of v(-55).
2, 61, 79
Let v(y) = y**3 + 41*y**2 + 56*y - 904. What are the prime factors of v(-34)?
2, 1321
Let h(x) = x**2 + 17*x - 151. Suppose 0 = 29*l + 151 - 818. List the prime factors of h(l).
769
Let k = 644 + -422. Suppose -32*c + 5*t = -37*c + 155, -4*c + 124 = -t. Suppose k = -28*r + c*r. List the prime factors of r.
2, 37
Let o = 129 + -127. Suppose 3*c = 20 - o. What are the prime factors of c?
2, 3
Suppose 7*z - 594 = -2*z. Let x = 68 - z. Suppose -x*g - 3*g = -245. List the prime factors of g.
7
Suppose -2562*j = -2526*j - 680868. List the prime factors of j.
18913
Let b be -17 + -2*3*3/(-18). Let o(v) = -25*v - 69. List the prime factors of o(b).
331
Let p(n) = n - 20. Let j be p(-14). Let c = 37 + j. Suppose -c*a + 64 = -5. What are the prime factors of a?
23
Suppose 3*h = 2*f + 10981, -1424 - 2241 = -h - 4*f. What are the prime factors of h?
7, 523
Let w = 9147 + -5229. List the prime factors of w.
2, 3, 653
Let r(z) = 336*z + 81. Suppose 36 = 47*a - 38*a. List the prime factors of r(a).
3, 5, 19
Let x(a) = -2*a - 30. Let z be x(-14). Let t be z*(-4)/4 + -3. List the prime factors of (((-12)/(-4))/3)/(t/(-107)).
107
Suppose -2*j - 2*r = -10, 7*r - 4*r - 15 = 5*j. Suppose -3*o + 201 = -7*o - s, j = -5*o - 3*s - 253. Let w = 108 + o. List the prime factors of w.
2, 29
Suppose -5*h + 2268 = -16237. List the prime factors of h.
3701
Let b = 18472 - 8884. What are the prime factors of b?
2, 3, 17, 47
Suppose 492*s - 961*s = -477*s + 330176. What are the prime factors of s?
2, 7, 11, 67
List the prime factors of 67958/10 - (-10)/50 - 4.
2, 3, 283
Suppose 0 = -5*w + 3*c + 40 - 8, 3*w - 4 = -2*c. Suppose 0 = w*n + 1 + 7. Let v(k) = 3*k**2 - 7*k - 7. List the prime factors of v(n).
19
Suppose -5*j = 3*u - 7998, -6401 = 55*j - 59*j - 5*u. Let w = 2728 - j. What are the prime factors of w?
1129
Let z(x) = x**3 - 5*x**2 + 2*x - 21. Let k be z(6). Let g(i) = i**2 - 22*i + 38. List the prime factors of g(k).
173
Suppose -4928 = -23*v - 9*v. Suppose v + 536 = 23*c. What are the prime factors of c?
2, 3, 5
Let k be (-16)/(-72) - 3152/9. Let c = k - -605. List the prime factors of c.
3, 5, 17
Let n be -5*12/270 - (-20)/9. Suppose -m + 2*o = m - 592, 298 = m - n*o. List the prime factors of m.
2, 3, 7
Let c(a) = 11*a**3 + a**2 + 13*a + 28. Let f(u) = -u**2 + 2. Let y(t) = -c(t) + 3*f(t). List the prime factors of y(-5).
2, 659
Let t(w) = 5*w + 10. Suppose 6*c + 2 = 8. Let r = 9 + c. What are the prime factors of t(r)?
2, 3, 5
Suppose -245*t + 1765158 = -107*t. List the prime factors of t.
12791
List the prime factors of ((-3)/9)/(((-797844)/(-88650) - 4) + -5).
5, 197
Let u = 45 + -40. Suppose c - 3*c + 5*n - u = 0, c - 2*n + 2 = 0. Suppose c = -16*r + 11*r + 750. List the prime factors of r.
2, 3, 5
Let d be 3474/45*(-15)/(-3). Let k = 113 + d. What are the prime factors of k?
499
Suppose 79855 = 5*m - 3*n, -4*m + 129*n + 63871 = 124*n. What are the prime factors of m?
2, 7, 163
Let q = 456 - 450. Suppose 0 = -q*j - 0*j + 30. List the prime factors of j.
5
Let d be (6/(-9))/(10/(-3615)). Suppose -3*s - 2*i = 2*i - 683, s + 4*i - d = 0. What are the prime factors of s?
13, 17
Suppose 10*x - 7*x + 1605 = 0. Let c = -59 - x. Suppose -2*b + 224 = 5*y, b - 4*y = -3*b + c. List the prime factors of b.
3, 13
Let v = 4542 + -2031. Let t = -1406 + v. List the prime factors of t.
5, 13, 17
Suppose 5*p + 37 = 4*c, -p + 19 = 2*c - 10. Suppose c*t = 14*t - 98. List the prime factors of t.
2, 7
Let h = 3 - 1. Suppose 17*k = 27*k - 130. What are the prime factors of k*4/(4 - h)?
2, 13
Let g(j) = 69*j**2 + 473*j + 11. What are the prime factors of g(-11)?
7, 11, 41
Let x(y) = 332*y**2 - 8*y + 12. What are the prime factors of x(6)?
2, 3, 331
Suppose -5*a + 78199 + 21641 = 4*c, 5*c - 59917 = -3*a. What are the prime factors of a?
2, 7, 23, 31
Suppose 4*a = 0, m + 63*a = 65*a + 336. Let c = 179 + m. What are the prime factors of c?
5, 103
Let f(k) be the first derivative of 14*k**2 + 29*k + 29. What are the prime factors of f(10)?
3, 103
Let h be 3 - (-4)/(16/(-20)). What are the prime factors of -127*(h - 7/7)?
3, 127
Suppose -2*j + 55 = 35. Let p be ((-2)/(-5))/((-4)/j). List the prime factors of (-730)/(-8) - p/(-4).
7, 13
Let q = -1819 + 4990. List the prime factors of q.
3, 7, 151
Let c = -19701 + 45981. List the prime factors of c.
2, 3, 5, 73
Suppose 2*d = -4*l - 486, -4*d + 3*d = 5. Let p = 264 + l. Suppose 4*u + 4*f = 356, 4*u + 2*f + p - 493 = 0. What are the prime factors of u?
5, 17
Let y(s) = s. Let r(q) = 167*q - 10. Let f(p) = r(p) - 4*y(p). What are the prime factors of f(2)?
2, 79
What are the prime factors of (-3891219)/(-76) - 1/4?
2, 5
What are the prime factors of (-23860)/6*294/(-245)?
2, 1193
Let g(r) = -r**3 + 14*r**2 + 2*r - 8. Let z be g(7). Suppose -3*b + z = -2*m, -b = 2*m - 120 + 1. What are the prime factors of b?
3, 13
Suppose 2*r = 4*r + 802. Let l be 26/(-16)*346 - 1/(-4). Let b = r - l. What are the prime factors of b?
7, 23
Suppose -41*r + 58240 = -55*r. List the prime factors of r/(-30)*(-2 - -8).
2, 13
Let k(x) be the second derivative of 58*x**3/3 - 247*x**2/2 + 99*x + 2. What are the prime factors of k(9)?
797
Let x(h) be the first derivative of h**4/6 - 7*h**3/6 - 13*h**2/2 - 1. Let m(y) be the second derivative of x(y). What are the prime factors of m(3)?
5
Suppose 11*p = 16*p - 150. Suppose -35*f + 10 = -p*f. Suppose -3*y + 5*h + 399 = f*h, 138 = y - 2*h. List the prime factors of y.
2
Let n = -215 - -3034. Suppose f - q - 704 = 0, 0*f + n = 4*f - q. List the prime factors of f.
3, 5, 47
Suppose -2*l = 14*l + 2416. What are the prime factors of 3 - l - (-9)/((-54)/(-12))?
2, 3, 13
Suppose -4*r - 361 = b, 0*r - 4*b = -3*r - 247. Let x = r - -88. List the prime factors of (4 + -7 - 6)/x.
3
Suppose -6*p + 4*p = 3*w - 169, 0 = p - 5*w - 65. Suppose 2*z + 8*u = 3*u + 89, 3*z - 166 = -u. Let q = p - z. List the prime factors of q.
23
Suppose 0 = -65*f + 37*f + 341964. List the prime factors of f.
3, 23, 59
Let f = 175 - 54. Let r be (-1)/(-3) - (-179)/3. Suppose f = u + r. What are the prime factors of u?
61
Suppose 4*g - 5*w = -6*w - 360, 2*w = 0. Let c be (40/g)/(2/(-18)*2). Suppose 5*b - c*p = 166, -5*b + 4*p + 184 = 22. List the prime factors of b.
2, 17
Let g = -316 - -120. What are the prime factors of 3*(-1 - g)*10/9?
2, 5, 13
Suppose 6580288 = 148*p - 2181016. List the prime factors of p.
2, 29599
Let q = 7033 + -2096. What are the prime factors of q?
4937
Let v be 1506 + (-12 + 5)/(-1). List the prime factors of ((-1)/(-3))/(7/63) + v.